 = -5*v + 10, -2*v - 2*v = -3*d - 19. Let f(i) = v - 2*i - 12 - i**3 - 20*i**2 + 4. List the prime factors of f(-20).
3, 11
Let a(o) = 0*o - 4 - 4 + 6 + o. Let y be a(4). Suppose -4*i + y*i = -68. What are the prime factors of i?
2, 17
Let v(y) = -y - 5. Let d be (-2)/(-2) - (18 - 7). Let u be v(d). Suppose -3*h + 6*h - 37 = -u*f, f + 99 = 5*h. List the prime factors of h.
19
Let t = 46 - 42. Suppose t*a = a + 9. List the prime factors of a.
3
Suppose 2*v + 4*v - 2730 = 0. Suppose 0 = 6*o + o - v. What are the prime factors of o?
5, 13
Let r be 0*((-10)/(-4) + -3) - -2. Suppose 5*c - r*m + m - 117 = 0, 3*m = -3*c + 63. List the prime factors of c.
23
Let s be 0 + (-4 + 0)*(-10)/20. Suppose 2 = -s*d + 202. List the prime factors of d.
2, 5
Suppose -2*m + 15 = -5*u, 4*m = 2*m + 3*u + 9. Suppose 5*c + 1 - 11 = m. What are the prime factors of c?
2
Let w = -105 + 108. Suppose 5 = -i + 4*m - 8, -4 = w*i - 5*m. List the prime factors of i.
7
Let z(f) = -f + 14. Let x be z(14). Suppose x = -4*c + 8*c. List the prime factors of 43*(1 - (0 + c)).
43
Let n(h) = -3*h**3 + 2*h**2 + 2. Let f be (-1 - (0 + 0)) + -3. Let p be (f/(-5))/((-6)/15). List the prime factors of n(p).
2, 17
Let y = -166 + 283. Let u be (-2)/13 + (-3843)/y. Let c = -25 - u. List the prime factors of c.
2
Suppose 10*s - 81 = 9*s. Suppose -s = -3*k + 6. List the prime factors of k.
29
Suppose q = -12*q + 4095. List the prime factors of q.
3, 5, 7
Let u(x) = x + 47. Let g be u(13). Suppose 0 = -g*o + 52*o + 280. What are the prime factors of o?
5, 7
Let n(k) = 4*k**2 + 53*k + 17. Let c(b) = -2*b**2 - 27*b - 9. Let i(o) = 11*c(o) + 6*n(o). Let f be i(-10). What are the prime factors of f*1/(7/(-24))?
2, 3
Suppose -3*c = -8*c - 25. Let r be (-95)/25 + 1/c. What are the prime factors of ((-68)/(-8))/(r/(-8))?
17
Let g be 4663/(-15) + 5 + 77/(-15). Let q = g - -535. List the prime factors of q.
2, 7
Suppose 4*t = 5*g + 333, 2*t + 9*g = 8*g + 163. List the prime factors of t.
2, 41
Suppose 34 = 5*u - 3*u. Suppose 3*b + u = -7. What are the prime factors of (-20)/b*(-132)/(-10)?
3, 11
Let o(w) = w**2 - 11*w + 2. Let y be o(11). Suppose 43 = -5*b + 2*v, 0 = -b - y*v + 3*v - 8. Let m = b - -19. What are the prime factors of m?
2, 5
Let y(w) = -21*w - 93. List the prime factors of y(-6).
3, 11
Let y = -4849 - -6853. What are the prime factors of y?
2, 3, 167
Let y be 21/12*(3 + -1)*-2. Let t(x) = -x**2 - 19*x - 8. List the prime factors of t(y).
2, 19
Suppose w - 2*w = 103. Let q = 126 - w. Let p = -163 + q. List the prime factors of p.
2, 3, 11
Suppose a - 4*r = -0*a + 154, -3*r + 521 = 4*a. Let l = -4 - -9. Suppose -3*p = -5*v + a, 3*v - l*p = -2*v + 130. What are the prime factors of v?
2, 7
Suppose -9 = 5*l - 4, 3*j = -3*l - 120. Let a = j + 95. Let f = a - 29. What are the prime factors of f?
3
Let g be (8/(-12) - -1) + (-4)/(-6). List the prime factors of (g/2)/((-3)/(-27))*12.
2, 3
Let u(k) = 7*k + 31. Let z be u(14). Let s = 195 - z. What are the prime factors of s?
2, 3, 11
Suppose -120 = -10*n + 7*n. Let a = 119 - n. What are the prime factors of a?
79
Suppose -3*p = -2*w - 2*p + 18, -w = p - 9. Suppose 3*n = 4*b + w + 91, -5*b = -10. What are the prime factors of n?
2, 3
Let g(k) = k**2 + k + 122. What are the prime factors of g(17)?
2, 107
Suppose 59 - 2651 = -4*f. Suppose -9*i = -13*i + f. What are the prime factors of i?
2, 3
Suppose -8*l + 11*l - 9 = 0. Suppose -5*c + 5*z + 45 = 0, -3*z - l = -2*c - 4*z. What are the prime factors of (0 - -23)/(2/c)?
2, 23
What are the prime factors of (-51222)/(-15) - ((-128)/(-40))/(-16)?
5, 683
What are the prime factors of (25290/10)/(12/8)?
2, 3, 281
Suppose -n + 8 = -5*p + 24, 4*p + n = 11. Suppose o = p*o - 108. List the prime factors of o.
2, 3
Suppose 2*t + o = -2*o + 634, t - 330 = 5*o. List the prime factors of t.
2, 5
What are the prime factors of -611*(-13 - -12)*5?
5, 13, 47
Suppose 0 = -3*x + 4 + 8. Suppose 0 = -3*b + 2*z + 17, -5*b - 3*z = z - 21. Suppose -t = f - x, -4*t + 2*t = b*f - 20. List the prime factors of f.
2
Let o(h) = -144*h + 14. What are the prime factors of o(-3)?
2, 223
Suppose 5*n - 33 = -2*q, 4 = 4*n + 5*q - 19. Suppose -2*f = -5*i + 13, f = -n*i + 2*i + 16. Let z(m) = 76*m**3 + m**2 - 3*m + 2. List the prime factors of z(f).
2, 19
Suppose 5*t - 4*t - 8 = -4*c, -2*c - 4*t = -18. Let r = 1 - c. List the prime factors of (-1 + r)/(3/(-57)).
19
Let b = -546 + 1584. What are the prime factors of b?
2, 3, 173
Suppose 4*d - 5*j - 6 = 31, -3*j - 27 = -4*d. Suppose g + q - 99 = 0, -2*q - 170 = -2*g + d*q. List the prime factors of g.
5, 19
Let i(r) = 7*r**2 - 67*r - 9. What are the prime factors of i(14)?
5, 17
Let a(w) = -197*w + 6. Let i be a(2). Let v = i - -545. List the prime factors of v.
157
Let o = 1942 + 1299. List the prime factors of o.
7, 463
Suppose -2*f + 15 = -7*f. Let i be 7/f + (-16)/24. What are the prime factors of 3/(3/(-7))*i?
3, 7
Let h(y) = -17*y - 7. Let w be h(-4). What are the prime factors of (0 - 4) + w + 0?
3, 19
Let w = -336 + 546. Let c be -2 - -2 - w/3. Let j = -48 - c. List the prime factors of j.
2, 11
Suppose 8 = 9*c - 5*c. Suppose 2*y - 2 = 3*a, 0 = -4*y + c*y - 2*a + 22. Suppose -y = -h + 12. List the prime factors of h.
19
Suppose -78 = -2*k + 2*m + 92, 0 = 5*k + 4*m - 416. Let w = 198 + -141. Let s = k - w. What are the prime factors of s?
3
Suppose 0 = 2*a + 2*a + 2*z - 14, 5*a + 3*z - 19 = 0. Suppose -g + 189 = 3*s + 2*g, -4*s + 246 = -a*g. List the prime factors of s.
2, 31
Suppose 56*o - 2535 = 51*o. What are the prime factors of o?
3, 13
Suppose 3*m = -0*m + 2*x + 177, -4*x - 59 = -m. Let k be (2 + 2)*(-1)/(-2). Suppose 5*n + w + m = 178, 4*n - 84 = k*w. What are the prime factors of n?
23
Suppose -6357 = -13*y - 0*y. What are the prime factors of y?
3, 163
Suppose q - 3*q - 8 = 0, -3*k - q + 503 = 0. List the prime factors of k.
13
Suppose 10 - 2 = -2*f. What are the prime factors of 2*(-46)/(f - -2)?
2, 23
Suppose 3*o + 2*u = 3874 + 1885, 3836 = 2*o - 2*u. List the prime factors of o.
19, 101
Let u(d) = -d**3 - 8*d**2 + 4*d - 11. Let g be u(-9). Suppose 7*x + 17 = 4*x - i, -5*x + 4*i = g. Let z(t) = t**2 - 2*t + 3. List the prime factors of z(x).
3, 17
Let n = 18 - 11. Suppose -2*o = n - 337. What are the prime factors of o?
3, 5, 11
Suppose 0 = -12*a + 21*a - 36. Suppose 183 = 4*q + 3*p, a = 3*p + 1. What are the prime factors of q?
3, 5
Suppose h - 4*h - 5*q + 2080 = 0, -4*q + 20 = 0. Suppose 5*w - h = -0*w. What are the prime factors of w?
137
Let b(a) = 26*a - 19*a - 13*a + 19. List the prime factors of b(-9).
73
Let d be (1 - 0)/(4/(-24)). Let n = d + 3. What are the prime factors of -1 + 37 - (n - -5)?
2, 17
List the prime factors of 9 + -9 + -12 + 2597.
5, 11, 47
Suppose 29*n - 3432 - 831 = 0. List the prime factors of n.
3, 7
Let i = 26 - 19. Let k be 0 - (-2)/((-4)/(-6)). Suppose -k*c + i - 1 = 0. List the prime factors of c.
2
Let u(k) = 5*k - 10. Suppose 5*a = 4*i + 5, i + 3 - 13 = -a. Let l be u(i). Let n = l + -8. List the prime factors of n.
7
Let n(m) = m**3 + 4*m**2 - 4*m - 2. Let q(s) = -s - 11. Let g be q(-5). Let z be n(g). Let w = z + 75. What are the prime factors of w?
5
Suppose 4*n - 243 = 269. List the prime factors of n.
2
Suppose 32144 = -530*f + 544*f. What are the prime factors of f?
2, 7, 41
Suppose -4*m + 3*h + 2885 = 0, 3*h = 5*m - 4*m - 719. What are the prime factors of m?
2, 19
What are the prime factors of (-26313)/(-49) - (-2)/2?
2, 269
Suppose 22*v = 3*v - 114. Let m be (1*2 - 1) + 75. What are the prime factors of (3/(-2))/(v/m)?
19
Let y(x) = x - 34. Let s be y(10). Let z = s + 51. What are the prime factors of z?
3
Let z(s) = s**3 - 3*s**2 - 5*s - 2. Let a be z(4). Let u be -2*2/(a/3). Suppose 5*y - u*y - 21 = 0. List the prime factors of y.
7
Let p(l) = l**3 + 26*l**2 + 20*l + 142. What are the prime factors of p(-25)?
3, 89
Let d = 10253 + -5084. List the prime factors of d.
3, 1723
Let y(i) = 14*i - 16. What are the prime factors of y(10)?
2, 31
Suppose 12 = -8*w - 12. Let z(g) be the second derivative of -5*g**3/6 - 3*g**2/2 + g. List the prime factors of z(w).
2, 3
Suppose -33 = 5*u - 0*l + 4*l, 4*l - 17 = 5*u. List the prime factors of u + 0 - -10 - -153.
2, 79
Let o = -2 - -4. Let p be 4 - ((-84)/(-16))/(3/(-8)). Suppose -2 